ten thousands digit of 30876?
3
What is the hundreds digit of 1301?
3
What is the units digit of 684?
4
What is the tens digit of 20205?
0
What is the hundreds digit of 1934?
9
What is the ten thousands digit of 60220?
6
What is the thousands digit of 1036?
1
What is the units digit of 530?
0
What is the hundreds digit of 1575?
5
What is the units digit of 31083?
3
What is the hundreds digit of 22376?
3
What is the hundreds digit of 7036?
0
What is the thousands digit of 9153?
9
What is the hundreds digit of 4255?
2
What is the hundreds digit of 7832?
8
What is the hundreds digit of 95833?
8
What is the hundreds digit of 14508?
5
What is the ten thousands digit of 53615?
5
What is the hundreds digit of 73758?
7
What is the tens digit of 657?
5
What is the units digit of 133?
3
What is the hundreds digit of 1785?
7
What is the tens digit of 1023?
2
What is the hundreds digit of 1385?
3
What is the units digit of 978?
8
What is the units digit of 336?
6
What is the hundreds digit of 892?
8
What is the units digit of 36005?
5
What is the units digit of 872?
2
What is the ten thousands digit of 159038?
5
What is the tens digit of 813?
1
What is the hundreds digit of 418?
4
What is the hundreds digit of 55221?
2
What is the units digit of 8102?
2
What is the thousands digit of 175538?
5
What is the hundreds digit of 571?
5
What is the tens digit of 8888?
8
What is the units digit of 616?
6
What is the ten thousands digit of 54559?
5
What is the thousands digit of 78264?
8
What is the tens digit of 196?
9
What is the thousands digit of 29236?
9
What is the hundreds digit of 32509?
5
What is the units digit of 485?
5
What is the hundreds digit of 20315?
3
What is the hundreds digit of 60485?
4
What is the tens digit of 36708?
0
What is the units digit of 4672?
2
What is the units digit of 2762?
2
What is the tens digit of 10878?
7
What is the units digit of 20730?
0
What is the tens digit of 399?
9
What is the tens digit of 774?
7
What is the units digit of 960?
0
What is the thousands digit of 2534?
2
What is the tens digit of 3245?
4
What is the hundreds digit of 662?
6
What is the hundreds digit of 1096?
0
What is the ten thousands digit of 16028?
1
What is the ten thousands digit of 32512?
3
What is the units digit of 427?
7
What is the thousands digit of 2159?
2
What is the ten thousands digit of 105118?
0
What is the hundreds digit of 920?
9
What is the hundreds digit of 17601?
6
What is the tens digit of 3265?
6
What is the tens digit of 762?
6
What is the tens digit of 13728?
2
What is the tens digit of 1969?
6
What is the tens digit of 9267?
6
What is the units digit of 1726?
6
What is the units digit of 2990?
0
What is the hundreds digit of 4376?
3
What is the tens digit of 368?
6
What is the hundreds digit of 13070?
0
What is the units digit of 1511?
1
What is the hundreds digit of 50579?
5
What is the tens digit of 14683?
8
What is the thousands digit of 21344?
1
What is the ten thousands digit of 11629?
1
What is the thousands digit of 6918?
6
What is the thousands digit of 24464?
4
What is the tens digit of 1131?
3
What is the tens digit of 26922?
2
What is the hundreds digit of 16545?
5
What is the tens digit of 676?
7
What is the tens digit of 586?
8
What is the tens digit of 538?
3
What is the tens digit of 7554?
5
What is the hundreds digit of 2235?
2
What is the hundreds digit of 6916?
9
What is the thousands digit of 5136?
5
What is the tens digit of 3910?
1
What is the units digit of 2977?
7
What is the hundreds digit of 5930?
9
What is the tens digit of 2266?
6
What is the tens digit of 1269?
6
What is the tens digit of 13148?
4
What is the units digit of 8594?
4
What is the thousands digit of 18858?
8
What is the units digit of 9371?
1
What is the thousands digit of 8054?
8
What is the thousands digit of 85653?
5
What is the tens digit of 8579?
7
What is the tens digit of 3256?
5
What is the hundreds digit of 1302?
3
What is the ten thousands digit of 57327?
5
What is the tens digit of 343?
4
What is the thousands digit of 29248?
9
What is the thousands digit of 18229?
8
What is the ten thousands digit of 65667?
6
What is the tens digit of 2035?
3
What is the thousands digit of 1021?
1
What is the tens digit of 2051?
5
What is the hundreds digit of 1048?
0
What is the hundreds digit of 30607?
6
What is the hundreds digit of 17298?
2
What is the ten thousands digit of 13102?
1
What is the units digit of 881?
1
What is the tens digit of 6135?
3
What is the thousands digit of 1914?
1
What is the hundreds digit of 46889?
8
What is the thousands digit of 11422?
1
What is the hundreds digit of 415?
4
What is the thousands digit of 3107?
3
What is the units digit of 159799?
9
What is the thousands digit of 1723?
1
What is the units digit of 6519?
9
What is the ten thousands digit of 19341?
1
What is the tens digit of 2574?
7
What is the units digit of 32710?
0
What is the units digit of 54615?
5
What is the tens digit of 545?
4
What is the hundreds digit of 4352?
3
What is the hundreds digit of 872?
8
What is the hundreds digit of 1046?
0
What is the thousands digit of 11966?
1
What is the tens digit of 105873?
7
What is the units digit of 25095?
5
What is the tens digit of 7889?
8
What is the units digit of 62255?
5
What is the tens digit of 1674?
7
What is the tens digit of 2646?
4
What is the units digit of 3243?
3
What is the units digit of 1075?
5
What is the thousands digit of 1652?
1
What is the thousands digit of 10956?
0
What is the tens digit of 1439?
3
What is the tens digit of 633?
3
What is the hundreds digit of 1474?
4
What is the tens digit of 3146?
4
What is the units digit of 1288?
8
What is the units digit of 3420?
0
What is the tens digit of 195?
9
What is the ten thousands digit of 106233?
0
What is the ten thousands digit of 48722?
4
What is the tens digit of 21988?
8
What is the hundreds digit of 49476?
4
What is the units digit of 3426?
6
What is the hundreds digit of 3058?
0
What is the hundreds digit of 114319?
3
What is the tens digit of 191?
9
What is the ten thousands digit of 18181?
1
What is the tens digit of 670?
7
What is the hundreds digit of 35361?
3
What is the tens digit of 3159?
5
What is the tens digit of 4774?
7
What is the tens digit of 4920?
2
What is the tens digit of 93102?
0
What is the units digit of 49207?
7
What is the thousands digit of 8778?
8
What is the thousands digit of 98882?
8
What is the tens digit of 37355?
5
What is the tens digit of 56162?
6
What is the ten thousands digit of 38656?
3
What is the hundreds digit of 13670?
6
What is the tens digit of 745?
4
What is the units digit of 9873?
3
What is the ten thousands digit of 15787?
1
What is the thousands digit of 119814?
9
What is the tens digit of 9460?
6
What is the hundreds digit of 830?
8
What is the ten thousands digit of 11154?
1
What is the thousands digit of 79576?
9
What is the hundreds digit of 200?
2
What is the hundreds digit of 483?
4
What is the units digit of 731?
1
What is the hundreds digit of 10984?
9
What is the hundreds digit of 4259?
2
What is the thousands digit of 13197?
3
What is the hundreds digit of 413?
4
What is the hundreds digit of 278?
2
What is the tens digit of 3988?
8
What is the tens digit of 207?
0
What is the thousands digit of 47336?
7
What is the hundreds digit of 147?
1
What is the ten thousands digit of 20189?
2
What is the thousands digit of 3502?
3
What is the hundreds digit of 2381?
3
What is the thousands digit of 3873?
3
What is the hundreds digit of 857?
8
What is the ten thousands digit of 12814?
1
What is the tens digit of 939?
3
What is the units digit of 857?
7
What is the units digit of 4872?
2
What is the tens digit of 3525?
2
What is the units digit of 7871?
1
What is the tens digit of 15788?
8
What is the units digit of 64274?
4
What is the units digit of 5746?
6
What is the units digit of 141464?
4
What is the thousands digit of 2543?
2
What is the tens digit of 4341?
4
What is the tens digit of 102260?
6
What is the units digit of 53242?
2
What is the thousands digit of 4801?
4
What is the tens digit of 1806?
0
What is the hundreds digit of 128?
1
What is the units digit of 3881?
1
What is the tens digit of 1307?
0
What is the hundreds digit of 344?
3
What is the un